se 9
-25348
Convert 1b39815 (base 14) to base 10.
13587131
What is -503123 (base 6) in base 3?
-2000021220
What is 101202232133 (base 4) in base 5?
2134124222
What is -16155103 (base 8) in base 10?
-3725891
Convert 4558173 (base 12) to base 8.
62603747
22262536 (base 7) to base 15
2823c7
Convert -32354312 (base 6) to base 7.
-11123141
What is 10130124141 (base 5) in base 14?
1548670
Convert 34301014 (base 6) to base 2.
100000000010110000010
What is -1211200112002 (base 3) in base 14?
-1b658d
-2c6c4 (base 14) to base 13
-3b75a
Convert -2806189 (base 13) to base 15.
-1199651
458122 (base 11) to base 9
1328813
384e2 (base 15) to base 4
223330103
Convert -97ebb5 (base 16) to base 10.
-9956277
What is -135304323 (base 6) in base 4?
-22211332323
What is -502324 (base 6) in base 14?
-1052c
Convert -111330043 (base 5) to base 9.
-834810
Convert -11144133242 (base 5) to base 4.
-233221101132
132fa5 (base 16) to base 2
100110010111110100101
-111212101222 (base 3) to base 13
-97307
-3d749 (base 16) to base 13
-8a762
Convert 14222302 (base 5) to base 16.
243e4
-1075795 (base 11) to base 14
-36da3c
-1746212 (base 8) to base 2
-1111100110010001010
Convert 4037162 (base 8) to base 15.
16065c
Convert -110000000110011110100 (base 2) to base 14.
-2d05a4
Convert -31101412 (base 5) to base 3.
-110212112121
What is -5531441 (base 6) in base 8?
-1033721
Convert -2e9b1a (base 16) to base 14.
-59716a
167288 (base 10) to base 6
3330252
-64334011 (base 7) to base 2
-10100110111101010001010
Convert -77e83 (base 15) to base 2.
-1011101000101011001
Convert 230883 (base 9) to base 7.
1114542
What is -c49ce9 (base 15) in base 11?
-530556a
What is 1001202202012 (base 3) in base 11?
357482
Convert -15a91 (base 15) to base 13.
-25a6b
Convert -3193175 (base 11) to base 14.
-a61119
437203 (base 8) to base 6
3052523
What is -a2b429 (base 12) in base 3?
-11210112010120
What is -1688656 (base 12) in base 11?
-26a2927
-242402230 (base 5) to base 2
-100010101110010010111
What is -15134540 (base 6) in base 11?
-32a175
-13303131 (base 4) to base 14
-b913
Convert 151aa1 (base 12) to base 16.
56dd9
Convert 2669644 (base 10) to base 3.
12000122001201
What is -1120313033 (base 4) in base 10?
-363983
Convert -66b2d (base 15) to base 12.
-138b5a
12831b (base 13) to base 5
103242042
139184 (base 10) to base 11
95631
50010 (base 8) to base 3
1001002211
3569816 (base 10) to base 8
15474230
10406432 (base 7) to base 16
da078
Convert -f7ef0 (base 16) to base 10.
-1015536
25065 (base 14) to base 5
10400031
What is -172a7 (base 11) in base 4?
-11323331
Convert -5ea3b5 (base 15) to base 3.
-22112200000022
-131113320 (base 4) to base 7
-1010523
-444330 (base 5) to base 10
-15590
What is -17c9b2 (base 13) in base 7?
-5044041
Convert -2103616 (base 8) to base 13.
-167583
420630 (base 13) to base 14
2c2631
-1133557 (base 9) to base 2
-10010101100111010001
What is 13fdc5 (base 16) in base 14?
261661
-22506421 (base 7) to base 12
-7ab354
Convert -1a47a0 (base 14) to base 2.
-11100100001001001000
What is -1057535 (base 8) in base 4?
-1011331131
What is 34dce (base 15) in base 3?
22120010112
What is -1310924 (base 12) in base 11?
-2134929
-4610515 (base 8) to base 12
-5031a5
Convert 621097 (base 11) to base 5.
223401100
52713 (base 12) to base 5
11430114
Convert 21111220111012 (base 3) to base 6.
221333522
Convert 1001011011110111111110 (base 2) to base 13.
687abc
Convert dc4929 (base 14) to base 8.
34365011
Convert -cb06a (base 13) to base 5.
-43220422
3564d (base 15) to base 16
298bd
Convert -101100001010111110010111 (base 2) to base 5.
-10431014122
What is -4893a (base 11) in base 6?
-1301400
92a4 (base 12) to base 5
1002324
-1011010110011110111 (base 2) to base 9
-626207
What is -12405543 (base 6) in base 14?
-a7b83
Convert 9047842 (base 11) to base 6.
1331114000
What is -490603 (base 10) in base 7?
-4112221
What is 324056 (base 9) in base 5?
22140421
-aaad4 (base 14) to base 15
-828d1
-240014441 (base 5) to base 16
-10b554
What is -4a148 (base 14) in base 16?
-2c474
11001010010110010100111 (base 2) to base 15
8ae92c
243301 (base 7) to base 4
22311223
130132124 (base 6) to base 11
147a00a
What is -101010011011100010 (base 2) in base 14?
-4749c
Convert 3302313 (base 4) to base 10.
15543
-564722 (base 8) to base 12
-925aa
1044401242 (base 5) to base 7
25616361
Convert 10011110000000101101111 (base 2) to base 4.
103300011233
What is 1158427 (base 13) in base 5?
2332443232
-101002010222 (base 3) to base 12
-9698b
a97055 (base 12) to base 5
1141441410
What is -8ce03a (base 15) in base 9?
-13586501
3d147 (base 14) to base 10
151179
What is 1010110001111000100100 (base 2) in base 13?
77c266
Convert -22442203 (base 5) to base 2.
-110001100000110011
32420 (base 6) to base 5
120401
Convert 740b47 (base 14) to base 13.
a73717
Convert 56346546 (base 7) to base 5.
2222322341
What is 1462152 (base 9) in base 14?
170965
Convert -12320010 (base 4) to base 15.
-8529
Convert 374565 (base 8) to base 9.
216444
What is -4043375 (base 9) in base 5?
-1022421011
What is -3617600 (base 8) in base 3?
-1212100112120
What is 6202420 (base 7) in base 2?
10110100110000110100
Convert -497034 (base 10) to base 11.
-30a47a
-29b43 (base 13) to base 10
-78809
What is 101101010100111110000 (base 2) in base 12?
5b7668
What is -1121940 (base 12) in base 9?
-6147383
-130003323 (base 4) to base 13
-40416
14410331 (base 5) to base 15
308b1
201500256 (base 7) to base 10
11731425
-559248 (base 16) to base 12
-1a65460
11001221 (base 5) to base 13
339ab
What is 311a71 (base 16) in base 13?
888980
-1560846 (base 9) to base 11
-542218
Convert 120061 (base 7) to base 3.
1002200221
Convert -11c2500 (base 13) to base 9.
-11382703
Convert 1849146 (base 10) to base 6.
103344510
6373654 (base 8) to base 10
1701804
Convert 500d (base 15) to base 13.
78c1
What is -10000000101010101111 (base 2) in base 15?
-a624d
-100020112110100 (base 3) to base 9
-10215410
What is 1924738 (base 10) in base 7?
22234324
1832a (base 13) to base 8
133130
-12003212 (base 5) to base 10
-109807
What is -444002 (base 9) in base 12?
-109692
Convert -9daa37 (base 14) to base 10.
-5369273
What is -11010111100101111 (base 2) in base 10?
-110383
Convert -20101222112 (base 4) to base 3.
-11002012222122
What is 20311333 (base 5) in base 6?
3322404
-784a8 (base 11) to base 6
-2234321
-210000010 (base 3) to base 11
-10560
What is 7a033 (base 11) in base 7?
661464
Convert -3034311 (base 5) to base 10.
-49331
What is -202110122220 (base 3) in base 10?
-402891
Convert -7742 (base 12) to base 5.
-410104
5432015 (base 8) to base 6
51104353
Convert 11bcab0 (base 13) to base 10.
5540470
866253 (base 9) to base 3
222020021210
5dca23 (base 14) to base 4
30102332113
What is -120311210 (base 4) in base 15?
-20222
3421303 (base 5) to base 3
10002102220
Convert -6112 (base 9) to base 7.
-16010
What is 325150 (base 10) in base 5?
40401100
What is 3210001100 (base 4) in base 2?
11100100000001010000
5d1915 (base 14) to base 7
36066125
What is -266c68 (base 14) in base 9?
-2438560
Convert 1120220120122 (base 3) to base 9.
1526518
What is 661291 (base 12) in base 14?
3022cd
1133b (base 14) to base 8
121511
64209 (base 11) to base 15
1ca31
What is 1021312203 (base 4) in base 15?
5e969
Convert -1721375 (base 9) to base 8.
-3520742
1111010111000011 (base 2) to base 15
13995
Convert -1420342412 (base 5) to base 13.
-9bcb5b
What is -1002022112212 (base 3) in base 10?
-577040
-4241343 (base 5) to base 10
-71473
4214115 (base 6) to base 5
23020013
-6623ad (base 14) to base 9
-6458231
Convert -b96993 (base 12) to base 9.
-5463733
Convert -32775 (base 12) to base 3.
-10101120122
What is 1730508 (base 10) in base 14?
33091a
Convert -457a (base 15) to base 14.
-552c
What is 171615 (base 10) in base 12?
83393
Convert -4a96a (base 11) to base 10.
-73039
Convert 11000000011110011101 (base 2) to base 13.
217ac9
1111221021201 (base 3) to base 15
10db1d
Convert -405ab (base 13) to base 15.
-24220
What is -200501 (base 9) in base 6?
-2312344
Convert 1a558 (base 14) to base 7.
366041
-115451 (base 12) to base 5
-32410340
What is -122102200120221 (base 3) in base 10?
-9264562
Convert -11153034 (base 6) to base 9.
-570424
6a328 (base 14) to base 8
771000
104050401 (base 6) to base 10
1872865
-4580a9 (base 11) to base 5
-14